ns digit of 8238337?
8
What is the hundreds digit of 988888937?
9
What is the millions digit of 97774989?
7
What is the hundred thousands digit of 119793724?
7
What is the hundred millions digit of 404052372?
4
What is the hundred thousands digit of 3320711495?
7
What is the tens digit of 552208569?
6
What is the hundred thousands digit of 16703767?
7
What is the thousands digit of 46253576?
3
What is the hundred thousands digit of 2231026029?
0
What is the hundred thousands digit of 680636652?
6
What is the ten millions digit of 2084048163?
8
What is the hundred thousands digit of 435506109?
5
What is the hundred millions digit of 166761241?
1
What is the hundreds digit of 48118740?
7
What is the ten millions digit of 10032201?
1
What is the hundreds digit of 3185312?
3
What is the hundred millions digit of 844088543?
8
What is the ten thousands digit of 1224917052?
1
What is the ten thousands digit of 483164015?
6
What is the ten millions digit of 119227605?
1
What is the ten millions digit of 55169154?
5
What is the thousands digit of 392443734?
3
What is the ten thousands digit of 1302091429?
9
What is the tens digit of 25816961?
6
What is the tens digit of 4488410842?
4
What is the millions digit of 83145902?
3
What is the hundred millions digit of 1865423325?
8
What is the millions digit of 255877731?
5
What is the units digit of 387068586?
6
What is the tens digit of 3417149671?
7
What is the hundreds digit of 151745211?
2
What is the ten thousands digit of 580450216?
5
What is the ten millions digit of 5738691631?
3
What is the millions digit of 64334474?
4
What is the hundred millions digit of 1524511671?
5
What is the hundred thousands digit of 2996182998?
1
What is the tens digit of 139685416?
1
What is the hundred thousands digit of 280863685?
8
What is the millions digit of 1991157932?
1
What is the tens digit of 45083708?
0
What is the hundred millions digit of 302997198?
3
What is the hundreds digit of 162711088?
0
What is the thousands digit of 48903016?
3
What is the billions digit of 2216549067?
2
What is the hundred thousands digit of 584050817?
0
What is the ten millions digit of 1941634918?
4
What is the hundreds digit of 83386285?
2
What is the millions digit of 1925327171?
5
What is the ten millions digit of 268450227?
6
What is the millions digit of 84782329?
4
What is the units digit of 21702216?
6
What is the hundred thousands digit of 370659187?
6
What is the ten millions digit of 217044884?
1
What is the ten thousands digit of 18057231?
5
What is the units digit of 286332096?
6
What is the hundred thousands digit of 322881911?
8
What is the thousands digit of 374720360?
0
What is the ten millions digit of 232159601?
3
What is the thousands digit of 6510814047?
4
What is the ten thousands digit of 477436617?
3
What is the hundred thousands digit of 41304984?
3
What is the units digit of 26875328?
8
What is the millions digit of 682039031?
2
What is the hundred thousands digit of 181361052?
3
What is the hundred millions digit of 215319322?
2
What is the units digit of 143154712?
2
What is the hundred thousands digit of 11988076?
9
What is the units digit of 213029154?
4
What is the tens digit of 44279142?
4
What is the hundred thousands digit of 34516279?
5
What is the millions digit of 746717225?
6
What is the hundred millions digit of 1723507494?
7
What is the ten thousands digit of 275051407?
5
What is the hundred thousands digit of 72061942?
0
What is the ten thousands digit of 197335185?
3
What is the tens digit of 841517077?
7
What is the hundred millions digit of 109405653?
1
What is the tens digit of 1982834078?
7
What is the units digit of 350170273?
3
What is the units digit of 2728886145?
5
What is the ten millions digit of 65797219?
6
What is the thousands digit of 1375675645?
5
What is the ten millions digit of 26766061?
2
What is the millions digit of 557154425?
7
What is the thousands digit of 22563300?
3
What is the ten thousands digit of 196970299?
7
What is the hundred thousands digit of 54492152?
4
What is the billions digit of 2466080688?
2
What is the millions digit of 63976697?
3
What is the hundreds digit of 537162113?
1
What is the hundred millions digit of 6237656019?
2
What is the hundreds digit of 2616518374?
3
What is the units digit of 4137113509?
9
What is the hundred thousands digit of 47790453?
7
What is the millions digit of 248469816?
8
What is the hundred millions digit of 262962611?
2
What is the hundred millions digit of 691057370?
6
What is the hundreds digit of 329853271?
2
What is the millions digit of 233900717?
3
What is the millions digit of 159694104?
9
What is the hundreds digit of 377311288?
2
What is the hundred thousands digit of 62784447?
7
What is the tens digit of 1054366572?
7
What is the millions digit of 124717381?
4
What is the ten millions digit of 486910121?
8
What is the thousands digit of 74266209?
6
What is the thousands digit of 64472913?
2
What is the hundred thousands digit of 476664045?
6
What is the hundred thousands digit of 83311117?
3
What is the ten millions digit of 25418624?
2
What is the hundred thousands digit of 763726819?
7
What is the tens digit of 428455673?
7
What is the hundred thousands digit of 549837969?
8
What is the thousands digit of 9454024?
4
What is the ten millions digit of 33299652?
3
What is the tens digit of 123801203?
0
What is the ten millions digit of 165633881?
6
What is the units digit of 341399106?
6
What is the thousands digit of 2739603076?
3
What is the ten thousands digit of 126656964?
5
What is the hundreds digit of 1076427307?
3
What is the units digit of 219205698?
8
What is the millions digit of 1195152008?
5
What is the millions digit of 46841268?
6
What is the billions digit of 6698840026?
6
What is the millions digit of 48931610?
8
What is the hundred thousands digit of 6367496691?
4
What is the units digit of 3387329951?
1
What is the hundred thousands digit of 9415264?
4
What is the ten thousands digit of 3870135267?
3
What is the hundred thousands digit of 3523317874?
3
What is the hundred thousands digit of 3055675764?
6
What is the tens digit of 1814055920?
2
What is the hundred thousands digit of 240465345?
4
What is the ten millions digit of 396877159?
9
What is the hundred millions digit of 339773787?
3
What is the units digit of 20234704?
4
What is the thousands digit of 802613346?
3
What is the ten thousands digit of 96883920?
8
What is the units digit of 1133364000?
0
What is the ten millions digit of 11987775?
1
What is the hundred millions digit of 719269972?
7
What is the hundreds digit of 1356712265?
2
What is the hundreds digit of 12485820?
8
What is the hundred millions digit of 956890564?
9
What is the hundred thousands digit of 154682581?
6
What is the units digit of 181239037?
7
What is the units digit of 395306464?
4
What is the thousands digit of 687569507?
9
What is the units digit of 664975751?
1
What is the hundred millions digit of 329408012?
3
What is the hundred millions digit of 261846570?
2
What is the units digit of 1114727628?
8
What is the millions digit of 67202755?
7
What is the tens digit of 545276585?
8
What is the ten thousands digit of 44777462?
7
What is the ten millions digit of 6937118633?
3
What is the millions digit of 164024935?
4
What is the thousands digit of 89331960?
1
What is the ten millions digit of 1460423282?
6
What is the ten thousands digit of 607302639?
0
What is the tens digit of 3156381376?
7
What is the thousands digit of 247930360?
0
What is the hundred millions digit of 428590555?
4
What is the billions digit of 6744770330?
6
What is the millions digit of 37930143?
7
What is the hundreds digit of 32500421?
4
What is the thousands digit of 335452331?
2
What is the millions digit of 933805210?
3
What is the hundred millions digit of 373550932?
3
What is the ten thousands digit of 43960971?
6
What is the hundred thousands digit of 35898409?
8
What is the thousands digit of 15255010?
5
What is the units digit of 2522460858?
8
What is the units digit of 176771160?
0
What is the ten millions digit of 710954640?
1
What is the tens digit of 22671783?
8
What is the ten millions digit of 216734593?
1
What is the units digit of 972975848?
8
What is the un